d*m + 11 = 15. Let p(y) be the first derivative of -3*y**2/2 - 2*y + 1. Give p(m).
-8
Let p(x) = x + 1. Let l(o) = 8*o - 12*o + o**2 + 16*o + 5. Let b(m) = l(m) - 5*p(m). Determine b(-7).
0
Let l(z) be the second derivative of z**4/12 - z**3/3 + 2*z**2 - 2*z - 71. Give l(3).
7
Let i(d) be the second derivative of 21*d**5/20 + d**4/12 - d**2/2 + d. Suppose -6 - 3 = -9*x. Calculate i(x).
21
Let r(l) be the second derivative of -l**6/360 - 11*l**5/120 - 11*l**4/24 + 7*l**3/6 + l**2/2 - 5*l. Let k(o) be the second derivative of r(o). Calculate k(-9).
7
Let c(d) = 3*d - 1. Let n = 19 - 22. Determine c(n).
-10
Suppose -40*b = -44*b - 20, 5*x + b = 30. Let d(h) be the first derivative of h**2/2 - 3*h - 1. Determine d(x).
4
Let r(i) = i**3 + 4*i**2 + 2. Let x = 382 + -385. Determine r(x).
11
Let t be -4 - (-1 - (-21)/(-3)). Let y = t + -2. Let i(c) = -2 - c + 35*c**3 - 36*c**3 + 1 - 4*c**y. Give i(-4).
3
Suppose -1 = d - 3. Suppose 0 = -6*q - 0*q. Let p(r) = 2 - 7 + 6*r + q*r**2 + 4*r**d - 5*r**2. Determine p(4).
3
Let q(n) = n**3 + 22*n**2 + 39*n - 12. Let c be q(-20). Let f(a) be the second derivative of -1/6*a**3 + c*a - 5/2*a**2 + 0. Calculate f(-4).
-1
Let o(j) = -j**3 + j**2 + 5. Let n(z) be the first derivative of z**4/4 + 4*z**3/3 + z**2 - 3*z - 3. Let m be n(-3). What is o(m)?
5
Let t(p) be the first derivative of p**4/4 - p**3/3 - p**2/2 - 677. Suppose 4 = 2*m - x - 0, 5*x + 20 = 0. Calculate t(m).
0
Let b(v) = -v**2 - 7*v - 6. Let a(m) = -m**2 + 4*m - 4. Let r be a(4). Let c = -134 - 26. Let f be c/26 - r/26. What is b(f)?
0
Suppose -r = 4*m + 2*r - 40, 0 = m - r - 3. Let v(j) = j**2 - 3*j + 3. Calculate v(m).
31
Suppose -15*p - 100 = -19*p. Suppose 0 = -3*o + 56 + 34. Let k = p - o. Let b(r) = -r - 7. Determine b(k).
-2
Let s(a) = -a**2 + 5*a + 1. Let l(v) = v + 3. Let m be l(0). Suppose m*w = 77 + 61. Suppose -b = b + i - 16, 0 = -5*b - 4*i + w. Determine s(b).
-5
Let u(x) = -3*x + 6. Let i(c) = -10*c + 19. Let g(o) = 2*i(o) - 7*u(o). Let p(z) = 5*z - 89. Let k be p(19). Calculate g(k).
2
Suppose 4*i = -0*i + 3*d - 33, 3*i + 5*d + 3 = 0. Let f be 12/i + 3 + 2. Let w(v) = 2*v**3 - 5*v - f*v**3 + 3 + 0*v**2 + v - 5*v**2. What is w(-4)?
3
Let l(f) = -10*f - 48. Let b be l(-5). Let o(y) = 3*y - 1982 - 4*y**b + 5*y**2 + 1975. What is o(-6)?
11
Let j(c) be the third derivative of -5*c**2 + 4*c + 0 - 1/12*c**5 + 1/12*c**4 + 1/120*c**6 + 1/2*c**3. Determine j(4).
-5
Let m(a) = -11*a + 4*a**2 + 2 - 14 - 3*a**2. Let j = 3697 + -3685. Determine m(j).
0
Let y(f) = 16*f - 9. Suppose 25 = -3*n + 8*n. Suppose 5*o - 25 = n*h, -4*h - 16 = -2*o + 2. Let a(z) = 8*z - 5. Let w(m) = h*y(m) + 7*a(m). What is w(1)?
-7
Let r(o) = -5*o**2. Let x(w) be the first derivative of -2*w**3/3 + w**2/2 + 5. Let j be x(2). Let t be -1*(j/2 - -2). Give r(t).
-5
Let f(p) = 3*p**3 + 6*p**2 + p - 5. Let w(s) = 13*s**3 + 24*s**2 + 5*s - 21. Let z(y) = 9*f(y) - 2*w(y). Let k be ((-2)/(-4) - 0)*(-79 - -67). Determine z(k).
3
Let d(o) = o**2 + o. Suppose 3*l - 4*b - 11 = 0, 4*l + 2*b = -2*b - 32. What is d(l)?
6
Let a(i) = 2*i**3 + 3*i**2 - i - 1. Let z(d) = -3*d**3 - 5*d**2 + d. Let l(t) = 4*a(t) + 3*z(t). Let n = 3 - 5. Let y = n - 1. Determine l(y).
-1
Let z(u) be the first derivative of -u**3/3 - 11*u**2/2 - 3*u - 198. Give z(-11).
-3
Let a be 3/(12/(-8)) + 5/1. Let m(f) = -f**2 + f - 3*f**2 + 2*f**3 - 3*f**3 - 6 + a*f. Calculate m(-5).
-1
Let d(m) be the first derivative of -m**4/2 + 4*m**3/3 + m**2 - 2*m - 469. What is d(3)?
-14
Let c(b) = -b**3 - 5*b**2 + 4*b + 1. Suppose v = 4*n - 15, 34 + 16 = 5*n + 5*v. Suppose 3*y = 2*y + n*x - 25, 29 = -5*y + x. Calculate c(y).
-19
Let c be 1/(-1)*6/(-3). Let f(a) = 11 - 3*a - 14 - a**3 - 4*a**2 + 0*a**c. What is f(-3)?
-3
Let g(f) be the second derivative of f**5/20 - 4*f**4/3 - 8*f**3/3 - 12*f**2 - f - 3. What is g(17)?
-7
Let f(n) be the first derivative of -n**3/3 + 6*n**2 - 5*n - 114. Determine f(10).
15
Let p(m) = -3*m - 2. Suppose -21*y = 4*y + 125. Give p(y).
13
Let l be (4/3)/(((-20)/12)/5). Let h(b) be the second derivative of -b**4/12 - 7*b**3/6 - 3*b**2 - 4*b + 10. Determine h(l).
6
Suppose 30*a - 33*a + 15 = 0. Let k(f) = -f**3 + 5*f**2 - 6*f + 3. Give k(a).
-27
Let u(d) = -d - 3. Let x be u(-8). Suppose x*j = 2*j + 9. Let o(q) = j*q - 7*q + 4*q + 2*q. Give o(-5).
-10
Let n = -5 + 9. Suppose -5*y = 0, 0*y - 4*y - 8 = -n*m. Let o(u) = 3*u + 9*u**m - 13*u**2 + 3*u**2 + u + 3. Calculate o(6).
-9
Let y(g) = -22*g**2 + 3*g + 1. Let f(u) = 19*u**2 - 4*u - 2. Let z(a) = 7*f(a) + 6*y(a). Give z(10).
-8
Let h(y) = -y**3 + 3*y**2 + 9*y - 1. Let u be (45/18)/(5/10). What is h(u)?
-6
Let q = 2 - 6. Let t(s) = -s**3 - s**2. Let g(h) be the second derivative of h**5/10 + h**4/2 + h**3/3 + 32*h. Let k(y) = -g(y) - t(y). Determine k(q).
-8
Let x(p) be the third derivative of p**6/120 - p**5/20 - p**4/8 - 4*p**2 - 8*p. Suppose -13 - 3 = -4*u. Suppose -b = -q - 8, 2*b + 1 = u*q + 27. Give x(b).
-9
Suppose 0 = v - 0*v - 4. Let h(o) = -4*o + 3. Let d(u) = -20*u + 14. Let c(n) = -2*d(n) + 11*h(n). Determine c(v).
-11
Let h = -43 + 48. Let n(p) = -5*p**3 - 5*p**2 + 8*p - 6. Let k(g) = -3*g**3 - 3*g**2 + 5*g - 4. Let o(i) = h*n(i) - 8*k(i). Calculate o(0).
2
Let s(u) = 9*u - 18. Let r(q) = -22*q + 46. Let x(p) = 5*r(p) + 12*s(p). Calculate x(7).
0
Let q(v) be the first derivative of -1/3*v**3 + 2*v**2 - 2*v - 7. Let x(f) = f + 5. Let j be x(0). Determine q(j).
-7
Let f(d) = -d + 12 + 5*d - 7 - 3*d. Suppose -10 = 3*u - 4*g, -5*g = 3*u - 2*g - 18. Let o be (u - 9 - 3)/2. Calculate f(o).
0
Suppose -2*f = -0*f. Suppose 14*a = 17*a - 3. Let t(v) = 2*v**2 + v + 3*v**2 - a + 0*v - 4*v**2. Determine t(f).
-1
Let v(k) = -k**3 - k**2 + 3*k + 24. Let u be v(0). Let z(q) = q**3 - 24*q**2 - q + 34. What is z(u)?
10
Suppose 14 - 374 = -12*w. Suppose w + 40 = -14*a. Let z(p) = p**2 + 8*p + 5. What is z(a)?
-10
Let t(y) = 2*y**3 - 16*y**2 - 2*y + 8. Let c(s) = 10*s**2 + 38*s. Let v be c(-4). Give t(v).
-8
Suppose -4*o + 83 = -0*t - 5*t, 3*o - 57 = 2*t. Suppose -4*a - o = 5*j, 0*a + 7 = -a - 4*j. Let z(s) = -s**3 - 4*s**2 + s + 1. Calculate z(a).
-11
Let y(j) = -j - 1. Suppose -9 = -4*i + 79. Let b = -17 + i. What is y(b)?
-6
Let g be 3*(-3)/(-3) - 5. Let m(j) = 1 + 10*j**2 + j**3 - 13*j**2 - 2*j - 2. Determine m(g).
-17
Let m(x) = -2*x - 13. Let d(c) = -2*c - 14. Let p(t) = -6*d(t) + 7*m(t). Give p(-8).
9
Let q(x) = 5*x**2 + x - 6. Suppose 2*o = 3*i, 7*i - 42 = -5*o + 4*i. Let m(d) = 14*d**2 + 2*d - 18. Let h(a) = o*m(a) - 17*q(a). What is h(-5)?
-6
Let b be (-6)/2 - (5 - 5). Let h be b/9 - 52/6. Let n(g) = 5*g**3 + 14*g**2 + 5*g - 15. Let f(q) = -q**3 - q**2 + q + 2. Let u(k) = 4*f(k) + n(k). Give u(h).
-7
Suppose 0 = 4*q - 27 - 81. Suppose -8 = q*h - 31*h. Suppose -p = t + 6, 5*t - p = h*p - 30. Let u(c) = 2*c**2 + 10*c + 6. Calculate u(t).
18
Let t(w) = w**2 + 6*w + 7. Let n = 15 + -21. Let x be n*3/(2 - 8). Suppose 2*r = -x*r - 25. Determine t(r).
2
Suppose m - 2*m + 2 = 0, -4*u + 64 = 2*m. Suppose 12*h - u*h + 6 = 0. Let b(g) = -g - 2. What is b(h)?
-4
Let w = -4935 - -4941. Let y(l) = 6*l**2 + 3*l**3 - 4*l**3 - 9 + 4*l - l**2. What is y(w)?
-21
Let t(b) = -b**3 - 7*b**2 - 3*b + 5. Let w = -26 + 59. Suppose -2*s + 5*r + 13 = 0, -3*s = 3*r - 0*r + w. Give t(s).
-13
Let t(j) = 361*j - 121*j - j**2 + 2 - 117*j - 123*j + j**3. What is t(-3)?
-34
Let z(t) = -t**2 + 5*t + 7. Let m be (20/(-30))/((-10)/105). What is z(m)?
-7
Let o(d) = -3*d - 14. Let m(l) = l - 3. Let f(k) = 5*m(k) - o(k). Let j be -2 - -1 - (-1 + -1). Calculate f(j).
7
Suppose l - 5*b = 4 - 12, -6 = -4*l + b. Let c(n) = -1 + l*n**3 + 3*n + 4*n - 3*n - n - 4*n**2. Determine c(2).
5
Let z(k) = -k**3 + 6*k**2 - 4. Let c(b) = -4*b**2 + 29*b + 116. Let y be c(10). Calculate z(y).
-4
Let z = 127 + -88. Let r = z - 47. Let s(h) = h**2 + 11*h + 10. Determine s(r).
-14
Let m(y) = 2*y**2 + 28*y - 110. Let l be m(-17). Let p(g) = -4*g - 13. Calculate p(l).
19
Let z = -3 - -2. Let c(g) = -9*g - 11. Let u(v) = 2 - 5 + 1 - 3*v - 2. Let l(d) = -3*c(d) + 8*u(d). What is l(z)?
-2
Let t(h) = h**2 + 9*h + 11. Let x be t(-7). Let c(k) = 2*k**3 + 3*k**2 - k. Determine c(x).
-24
Let c be (8/(-20))/(2/10). Let n(o) be the second derivative of -o**7/420 - o**6/120 - o**3/2 - 3*o. Let z(v) be the second derivative 